-- http://www.phpmyadmin.net
--




--
-- Database: `consumer_exp`
--

--
-- Dumping data for table `categoria_tecnologia`
--

INSERT INTO `categoria_tecnologia` (`id`, `nombre`, `descripcion`) VALUES(1, 'Básicas', 'Tecnologías básicas del modelo.');
INSERT INTO `categoria_tecnologia` (`id`, `nombre`, `descripcion`) VALUES(2, 'Entretenimiento', 'Opciones de entretenimiento del modelo.');
INSERT INTO `categoria_tecnologia` (`id`, `nombre`, `descripcion`) VALUES(3, 'Avanzadas', 'Tecnologías innovadoras en el modelo.');

--
-- Dumping data for table `ciudades`
--

INSERT INTO `ciudades` (`id`, `nombre`) VALUES(1, 'BOGOTÁ');
INSERT INTO `ciudades` (`id`, `nombre`) VALUES(2, 'ANTIOQUIA');
INSERT INTO `ciudades` (`id`, `nombre`) VALUES(3, 'BOLÍVAR');
INSERT INTO `ciudades` (`id`, `nombre`) VALUES(4, 'CORDOVA');
INSERT INTO `ciudades` (`id`, `nombre`) VALUES(5, 'CUNDINAMARCA');
INSERT INTO `ciudades` (`id`, `nombre`) VALUES(6, 'NARIÑO');
INSERT INTO `ciudades` (`id`, `nombre`) VALUES(7, 'NORTE DE SANTANDER');
INSERT INTO `ciudades` (`id`, `nombre`) VALUES(8, 'SANTANDER');
INSERT INTO `ciudades` (`id`, `nombre`) VALUES(9, 'SUCRE');
INSERT INTO `ciudades` (`id`, `nombre`) VALUES(10, 'VALLE DEL CAUCA');
INSERT INTO `ciudades` (`id`, `nombre`) VALUES(11, 'MAGDALENA');
INSERT INTO `ciudades` (`id`, `nombre`) VALUES(12, 'META');
INSERT INTO `ciudades` (`id`, `nombre`) VALUES(13, 'ARMENIA');
INSERT INTO `ciudades` (`id`, `nombre`) VALUES(14, 'BARRANQUILLA');
INSERT INTO `ciudades` (`id`, `nombre`) VALUES(15, 'BUCARAMANGA');
INSERT INTO `ciudades` (`id`, `nombre`) VALUES(16, 'CARTAGENA');
INSERT INTO `ciudades` (`id`, `nombre`) VALUES(17, 'MEDELLÍN');
INSERT INTO `ciudades` (`id`, `nombre`) VALUES(18, 'CALI');
INSERT INTO `ciudades` (`id`, `nombre`) VALUES(19, 'PEREIRA');
INSERT INTO `ciudades` (`id`, `nombre`) VALUES(20, 'SINCELEJO');
INSERT INTO `ciudades` (`id`, `nombre`) VALUES(21, 'SANTA MARTA');
INSERT INTO `ciudades` (`id`, `nombre`) VALUES(22, 'CÚCUTA');
INSERT INTO `ciudades` (`id`, `nombre`) VALUES(23, 'VALLEDUPAR');
INSERT INTO `ciudades` (`id`, `nombre`) VALUES(24, 'PASTO');
INSERT INTO `ciudades` (`id`, `nombre`) VALUES(25, 'NEIVA');
INSERT INTO `ciudades` (`id`, `nombre`) VALUES(26, 'IBAGUÉ');
INSERT INTO `ciudades` (`id`, `nombre`) VALUES(27, 'MANIZALES');
INSERT INTO `ciudades` (`id`, `nombre`) VALUES(28, 'MONTERÍA');
INSERT INTO `ciudades` (`id`, `nombre`) VALUES(29, 'PUERTO GAITÁN');
INSERT INTO `ciudades` (`id`, `nombre`) VALUES(30, 'CHÍA');
INSERT INTO `ciudades` (`id`, `nombre`) VALUES(31, 'VILLAVICENCIO');

--
-- Dumping data for table `concesionarios`
--

INSERT INTO `concesionarios`(`id`, `nombre`, `sucursal`, `nit`, `id_ciudad`, `ubicacion`, `telefono`, `website`, `email`, `latitud`, `longitud`) VALUES (10,'AUTOCERRITOS  ARMENIA','ARMENIA',NULL,13,'Carrera 19 #7A  52','(6) 7358080',NULL,NULL,4.541618,-75.668863);
INSERT INTO `concesionarios`(`id`, `nombre`, `sucursal`, `nit`, `id_ciudad`, `ubicacion`, `telefono`, `website`, `email`, `latitud`, `longitud`) VALUES (11,'JANNA MOTOR''S CIRCUNVALAR','CIRCUNVALAR',NULL,14,'Cra 23 N. 1 - 175 Portal de Genoves','(5) 3854293',NULL,NULL,NULL,NULL);
INSERT INTO `concesionarios`(`id`, `nombre`, `sucursal`, `nit`, `id_ciudad`, `ubicacion`, `telefono`, `website`, `email`, `latitud`, `longitud`) VALUES (12,'JANNA MOTOR''S VÍA 40','VÍA 40',NULL,14,'Via 40 N. 69 - 40','(5) 3869666',NULL,NULL,11.005941,-74.789016);
INSERT INTO `concesionarios`(`id`, `nombre`, `sucursal`, `nit`, `id_ciudad`, `ubicacion`, `telefono`, `website`, `email`, `latitud`, `longitud`) VALUES (13,'CASATORO CALLE 170 CON BOYACÁ ','170 CON BOYACÁ',NULL,1,'Av Boyaca No 170-97','(1) 7460010',NULL,NULL,4.761826,-74.065133);
INSERT INTO `concesionarios`(`id`, `nombre`, `sucursal`, `nit`, `id_ciudad`, `ubicacion`, `telefono`, `website`, `email`, `latitud`, `longitud`) VALUES (14,'JORGE CORTES AUTOPISTA 118','AUTOPISTA 118',NULL,1,'Autopista Norte N 118-89 ','(1) 6016767',NULL,NULL,4.701672,-74.055274);
INSERT INTO `concesionarios`(`id`, `nombre`, `sucursal`, `nit`, `id_ciudad`, `ubicacion`, `telefono`, `website`, `email`, `latitud`, `longitud`) VALUES (15,'AUTONAL AUTOPISTA NORTE ','AUTOPISTA NORTE',NULL,1,'Autopista Norte/Avenida Carrera 45 # 127D-38','(1) 2591111',NULL,NULL,4.713039,-74.052207);
INSERT INTO `concesionarios`(`id`, `nombre`, `sucursal`, `nit`, `id_ciudad`, `ubicacion`, `telefono`, `website`, `email`, `latitud`, `longitud`) VALUES (16,'ANDES MOTORS AV 19','AV 19',NULL,1,'Avenida 19 # 103-32','(1) 7446950',NULL,NULL,4.689565,-74.051572);
INSERT INTO `concesionarios`(`id`, `nombre`, `sucursal`, `nit`, `id_ciudad`, `ubicacion`, `telefono`, `website`, `email`, `latitud`, `longitud`) VALUES (17,'MOTOVALLE BOGOTÁ','BOGOTA',NULL,1,'Calle 13 No. 49-91','(1) 7461234',NULL,NULL,4.626294,-74.105857);
INSERT INTO `concesionarios`(`id`, `nombre`, `sucursal`, `nit`, `id_ciudad`, `ubicacion`, `telefono`, `website`, `email`, `latitud`, `longitud`) VALUES (18,'AUTOMOTORES COMAGRO  CALLE 100','CALLE 100',NULL,1,'Avenida calle 100 No 60-57','(1) 6528900',NULL,NULL,4.687609,-74.066581);
INSERT INTO `concesionarios`(`id`, `nombre`, `sucursal`, `nit`, `id_ciudad`, `ubicacion`, `telefono`, `website`, `email`, `latitud`, `longitud`) VALUES (19,'LOS COCHES CALLE 127','CALLE 127',NULL,1,'Avenida 127 # 71-33','(1) 6131399',NULL,NULL,4.709999,-74.076565);
INSERT INTO `concesionarios`(`id`, `nombre`, `sucursal`, `nit`, `id_ciudad`, `ubicacion`, `telefono`, `website`, `email`, `latitud`, `longitud`) VALUES (20,'CASATORO CHICÓ','CHICÓ',NULL,1,'CRA 11 # 94 A- 36','(1) 6117000',NULL,NULL,4.68074,-74.045152);
INSERT INTO `concesionarios`(`id`, `nombre`, `sucursal`, `nit`, `id_ciudad`, `ubicacion`, `telefono`, `website`, `email`, `latitud`, `longitud`) VALUES (21,'AUTOMOTORES COMAGRO  CRA 68','CRA 68',NULL,1,'Avenida Cra 68 No 98-15','(1) 6528900',NULL,NULL,4.688465,-74.074385);
INSERT INTO `concesionarios`(`id`, `nombre`, `sucursal`, `nit`, `id_ciudad`, `ubicacion`, `telefono`, `website`, `email`, `latitud`, `longitud`) VALUES (22,'LOS COCHES MEGACENTRO','MEGACENTRO',NULL,1,'Carrera 85D # 46A-96  Megacentro','(1) 4198080',NULL,NULL,4.679197,-74.115096);
INSERT INTO `concesionarios`(`id`, `nombre`, `sucursal`, `nit`, `id_ciudad`, `ubicacion`, `telefono`, `website`, `email`, `latitud`, `longitud`) VALUES (23,'JORGE CORTES MORATO','MORAT',NULL,1,'Av Cra70 N 99-55','(1) 7421999',NULL,NULL,4.694336,-74.075552);
INSERT INTO `concesionarios`(`id`, `nombre`, `sucursal`, `nit`, `id_ciudad`, `ubicacion`, `telefono`, `website`, `email`, `latitud`, `longitud`) VALUES (24,'ANDES MOTORS USAQUÉN','USAQUÉN',NULL,1,'Carrera 7 Nº 120-45','(1) 7446950',NULL,NULL,4.697157,-74.031418);
INSERT INTO `concesionarios`(`id`, `nombre`, `sucursal`, `nit`, `id_ciudad`, `ubicacion`, `telefono`, `website`, `email`, `latitud`, `longitud`) VALUES (25,'CENTRAL MOTOR CALLE 27 SEDE MESETA','CALLE 27 SEDE MESETA',NULL,15,'Carrera 27 # 55-40 Bolarquí','(7) 6574000',NULL,NULL,7.110049,-73.114462);
INSERT INTO `concesionarios`(`id`, `nombre`, `sucursal`, `nit`, `id_ciudad`, `ubicacion`, `telefono`, `website`, `email`, `latitud`, `longitud`) VALUES (26,'CENTRAL MOTOR FLORIDABLANCA','FLORIDABLANCA',NULL,15,'Carrera 28 No. 110-05','(7) 6571444',NULL,NULL,7.087193,-73.107692);
INSERT INTO `concesionarios`(`id`, `nombre`, `sucursal`, `nit`, `id_ciudad`, `ubicacion`, `telefono`, `website`, `email`, `latitud`, `longitud`) VALUES (27,'AUTOCORP CALLE 5TA','5TA',NULL,18,'Calle 5 Carrera 67 Esquina','(2) 5190840',NULL,NULL,3.396131,-76.546701);
INSERT INTO `concesionarios`(`id`, `nombre`, `sucursal`, `nit`, `id_ciudad`, `ubicacion`, `telefono`, `website`, `email`, `latitud`, `longitud`) VALUES (28,'AUTOCORP PASOANCHO','PASOANCHO',NULL,18,'Calle 13 # 68-13','(2) 3120777',NULL,NULL,3.395611,-76.537906);
INSERT INTO `concesionarios`(`id`, `nombre`, `sucursal`, `nit`, `id_ciudad`, `ubicacion`, `telefono`, `website`, `email`, `latitud`, `longitud`) VALUES (29,'MOTOVALLE SEDE NORTE','SEDE NORTE',NULL,18,'Calle 26 No. 1-71','(2) 4883000',NULL,NULL,3.460306,-76.519868);
INSERT INTO `concesionarios`(`id`, `nombre`, `sucursal`, `nit`, `id_ciudad`, `ubicacion`, `telefono`, `website`, `email`, `latitud`, `longitud`) VALUES (30,'MOTOVALLE SEDE SUR','SEDE SUR',NULL,18,'Calle 9 No. 44-59','(2) 4899934',NULL,NULL,3.416019,-76.540012);
INSERT INTO `concesionarios`(`id`, `nombre`, `sucursal`, `nit`, `id_ciudad`, `ubicacion`, `telefono`, `website`, `email`, `latitud`, `longitud`) VALUES (31,'BARU MOTORS CARTAGENA','CARTAGENA',NULL,16,'Pie del Cerro Calle 30 No. 19-64','(5) 6664150',NULL,NULL,10.420824,-75.534615);
INSERT INTO `concesionarios`(`id`, `nombre`, `sucursal`, `nit`, `id_ciudad`, `ubicacion`, `telefono`, `website`, `email`, `latitud`, `longitud`) VALUES (32,'CASATORO CHÍA','CHÍA',NULL,30,'Km. 2 Via Chia Cajicá  Sector Tres Esquinas','(1) 8844445',NULL,NULL,4.878406,-74.037574);
INSERT INTO `concesionarios`(`id`, `nombre`, `sucursal`, `nit`, `id_ciudad`, `ubicacion`, `telefono`, `website`, `email`, `latitud`, `longitud`) VALUES (33,'AUTOMARCOL CÚCUTA','CÚCUTA',NULL,22,'AV Libertadores #2-160 Zona Franca','(7) 5876867',NULL,NULL,7.919017,-72.494334);
INSERT INTO `concesionarios`(`id`, `nombre`, `sucursal`, `nit`, `id_ciudad`, `ubicacion`, `telefono`, `website`, `email`, `latitud`, `longitud`) VALUES (34,'SIDA IBAGUÉ','BAGUÉ',NULL,26,'Carrera 5 No. 40-33',' (8) 2641911 ext 140',NULL,NULL,4.436418,-75.214007);
INSERT INTO `concesionarios`(`id`, `nombre`, `sucursal`, `nit`, `id_ciudad`, `ubicacion`, `telefono`, `website`, `email`, `latitud`, `longitud`) VALUES (35,'EL ROBLE MOTOR MANIZALES','MANIZALES',NULL,27,'Carrera 22 # 10 - 50 ','(6) 8800410',NULL,NULL,5.067472,75.524389);
INSERT INTO `concesionarios`(`id`, `nombre`, `sucursal`, `nit`, `id_ciudad`, `ubicacion`, `telefono`, `website`, `email`, `latitud`, `longitud`) VALUES (36,'EL ROBLE MOTOR LAS VEGAS','LAS VEGAS',NULL,17,'Kra. 48 # 15Sur-160','(4) 321111',NULL,NULL,6.191742,-75.579972);
INSERT INTO `concesionarios`(`id`, `nombre`, `sucursal`, `nit`, `id_ciudad`, `ubicacion`, `telefono`, `website`, `email`, `latitud`, `longitud`) VALUES (37,'VEHICULOS DEL CAMINO LLANO GRANDE','LLANO GRANDE',NULL,17,'Km 4 Sector 3 puertas  Via Llano Grande','(4) 6050025 Opc 6',NULL,NULL,NULL,NULL);
INSERT INTO `concesionarios`(`id`, `nombre`, `sucursal`, `nit`, `id_ciudad`, `ubicacion`, `telefono`, `website`, `email`, `latitud`, `longitud`) VALUES (38,'VEHICULOS DEL CAMINO MONTERREY','MONTERREY',NULL,17,'Carrera 49 # 14-30  (Torre Ford)','(4) 4446040 Opc 5',NULL,NULL,6.215301,-75.577207);
INSERT INTO `concesionarios`(`id`, `nombre`, `sucursal`, `nit`, `id_ciudad`, `ubicacion`, `telefono`, `website`, `email`, `latitud`, `longitud`) VALUES (39,'EL ROBLE MOTOR PALACE','PALACE',NULL,17,'Calle 31 No. 46-28','(4) 3549500',NULL,NULL,6.232926,-75.573693);
INSERT INTO `concesionarios`(`id`, `nombre`, `sucursal`, `nit`, `id_ciudad`, `ubicacion`, `telefono`, `website`, `email`, `latitud`, `longitud`) VALUES (40,'VEHICULOS DEL CAMINO SAN DIEGO','SAN DIEGO',NULL,17,'Carrera 43 A # 30-123','(4) 6050025 Opc 4',NULL,NULL,6.229556,-75.57003);
INSERT INTO `concesionarios`(`id`, `nombre`, `sucursal`, `nit`, `id_ciudad`, `ubicacion`, `telefono`, `website`, `email`, `latitud`, `longitud`) VALUES (41,'BARU MOTORS  MONTERÍA','MONTERÍA',NULL,28,'Carrera 14 No. 40-30','(4) 7917350',NULL,NULL,8.7586,-75.874354);
INSERT INTO `concesionarios`(`id`, `nombre`, `sucursal`, `nit`, `id_ciudad`, `ubicacion`, `telefono`, `website`, `email`, `latitud`, `longitud`) VALUES (42,'SIDA NEIVA','NEIVA',NULL,25,'Carrera 5 No. 3-107 Sur','(8) 8736712',NULL,NULL,2.902374,-75.28231);
INSERT INTO `concesionarios`(`id`, `nombre`, `sucursal`, `nit`, `id_ciudad`, `ubicacion`, `telefono`, `website`, `email`, `latitud`, `longitud`) VALUES (43,'AUTOMOTRIZ DEL SUR','AUTOMOTRIZ DEL SUR',NULL,24,'Avenida Panamericana Calle 2 # 26-36','(2) 731725',NULL,NULL,1.205096,-77.284511);
INSERT INTO `concesionarios`(`id`, `nombre`, `sucursal`, `nit`, `id_ciudad`, `ubicacion`, `telefono`, `website`, `email`, `latitud`, `longitud`) VALUES (44,'EL ROBLE MOTOR PEREIRA','PEREIRA',NULL,19,'Carrera 14 A #20A-43','6-3351951',NULL,NULL,6.235701,-75.573348);
INSERT INTO `concesionarios`(`id`, `nombre`, `sucursal`, `nit`, `id_ciudad`, `ubicacion`, `telefono`, `website`, `email`, `latitud`, `longitud`) VALUES (45,'JANNA MOTOR''S SANTA MARTA','SANTA MARTA',NULL,21,'Avenida del Libertador N° 20-80','(5) 4365066',NULL,NULL,11.241007,-74.190897);
INSERT INTO `concesionarios`(`id`, `nombre`, `sucursal`, `nit`, `id_ciudad`, `ubicacion`, `telefono`, `website`, `email`, `latitud`, `longitud`) VALUES (46,'JANNA MOTOR''S VALLEDUPAR','VALLEDUPAR',NULL,23,'Carrera 7ma # 21-89 ','(5) 5898412',NULL,NULL,10.463403,73.24268);
INSERT INTO `concesionarios`(`id`, `nombre`, `sucursal`, `nit`, `id_ciudad`, `ubicacion`, `telefono`, `website`, `email`, `latitud`, `longitud`) VALUES (47,'CASATORO VILLAVICENCIO','VILLAVICENCIO',NULL,31,'Kilometro 1 anillo vial via a acacias','(8) 6681552 - 3165292718',NULL,NULL,4.133114,-73.625425);

--
-- Dumping data for table `salas`
--

INSERT INTO `salas`(`id`, `nombre`, `hora_ini`, `hora_fin`, `id_concesionario`) VALUES (10,'Sala 1','07:00:00','19:00:00',10);
INSERT INTO `salas`(`id`, `nombre`, `hora_ini`, `hora_fin`, `id_concesionario`) VALUES (11,'Sala 1','07:00:00','19:00:00',11);
INSERT INTO `salas`(`id`, `nombre`, `hora_ini`, `hora_fin`, `id_concesionario`) VALUES (12,'Sala 1','07:00:00','19:00:00',12);
INSERT INTO `salas`(`id`, `nombre`, `hora_ini`, `hora_fin`, `id_concesionario`) VALUES (13,'Sala 1','07:00:00','19:00:00',20);
INSERT INTO `salas`(`id`, `nombre`, `hora_ini`, `hora_fin`, `id_concesionario`) VALUES (14,'Sala 1','07:00:00','19:00:00',13);
INSERT INTO `salas`(`id`, `nombre`, `hora_ini`, `hora_fin`, `id_concesionario`) VALUES (15,'Sala 2','07:00:00','19:00:00',13);
INSERT INTO `salas`(`id`, `nombre`, `hora_ini`, `hora_fin`, `id_concesionario`) VALUES (16,'Sala 1','07:00:00','19:00:00',18);
INSERT INTO `salas`(`id`, `nombre`, `hora_ini`, `hora_fin`, `id_concesionario`) VALUES (17,'Sala 2','07:00:00','19:00:00',18);
INSERT INTO `salas`(`id`, `nombre`, `hora_ini`, `hora_fin`, `id_concesionario`) VALUES (18,'Sala 1','07:00:00','19:00:00',21);
INSERT INTO `salas`(`id`, `nombre`, `hora_ini`, `hora_fin`, `id_concesionario`) VALUES (19,'Sala 2','07:00:00','19:00:00',21);
INSERT INTO `salas`(`id`, `nombre`, `hora_ini`, `hora_fin`, `id_concesionario`) VALUES (20,'Sala 1','07:00:00','19:00:00',23);
INSERT INTO `salas`(`id`, `nombre`, `hora_ini`, `hora_fin`, `id_concesionario`) VALUES (21,'Sala 2','07:00:00','19:00:00',23);
INSERT INTO `salas`(`id`, `nombre`, `hora_ini`, `hora_fin`, `id_concesionario`) VALUES (22,'Sala 1','07:00:00','19:00:00',14);
INSERT INTO `salas`(`id`, `nombre`, `hora_ini`, `hora_fin`, `id_concesionario`) VALUES (23,'Sala 1','07:00:00','19:00:00',17);
INSERT INTO `salas`(`id`, `nombre`, `hora_ini`, `hora_fin`, `id_concesionario`) VALUES (24,'Sala 2','07:00:00','19:00:00',17);
INSERT INTO `salas`(`id`, `nombre`, `hora_ini`, `hora_fin`, `id_concesionario`) VALUES (25,'Sala 1','07:00:00','19:00:00',24);
INSERT INTO `salas`(`id`, `nombre`, `hora_ini`, `hora_fin`, `id_concesionario`) VALUES (26,'Sala 1','07:00:00','19:00:00',16);
INSERT INTO `salas`(`id`, `nombre`, `hora_ini`, `hora_fin`, `id_concesionario`) VALUES (27,'Sala 1','07:00:00','19:00:00',22);
INSERT INTO `salas`(`id`, `nombre`, `hora_ini`, `hora_fin`, `id_concesionario`) VALUES (28,'Sala 2','07:00:00','19:00:00',22);
INSERT INTO `salas`(`id`, `nombre`, `hora_ini`, `hora_fin`, `id_concesionario`) VALUES (29,'Sala 1','07:00:00','19:00:00',29);
INSERT INTO `salas`(`id`, `nombre`, `hora_ini`, `hora_fin`, `id_concesionario`) VALUES (30,'Sala 2','07:00:00','19:00:00',29);
INSERT INTO `salas`(`id`, `nombre`, `hora_ini`, `hora_fin`, `id_concesionario`) VALUES (31,'Sala 1','07:00:00','19:00:00',25);
INSERT INTO `salas`(`id`, `nombre`, `hora_ini`, `hora_fin`, `id_concesionario`) VALUES (32,'Sala 2','07:00:00','19:00:00',25);
INSERT INTO `salas`(`id`, `nombre`, `hora_ini`, `hora_fin`, `id_concesionario`) VALUES (33,'Sala 1','07:00:00','19:00:00',28);
INSERT INTO `salas`(`id`, `nombre`, `hora_ini`, `hora_fin`, `id_concesionario`) VALUES (34,'Sala 2','07:00:00','19:00:00',28);
INSERT INTO `salas`(`id`, `nombre`, `hora_ini`, `hora_fin`, `id_concesionario`) VALUES (35,'Sala 1','07:00:00','19:00:00',29);
INSERT INTO `salas`(`id`, `nombre`, `hora_ini`, `hora_fin`, `id_concesionario`) VALUES (36,'Sala 1','07:00:00','19:00:00',30);
INSERT INTO `salas`(`id`, `nombre`, `hora_ini`, `hora_fin`, `id_concesionario`) VALUES (37,'Sala 1','07:00:00','19:00:00',31);
INSERT INTO `salas`(`id`, `nombre`, `hora_ini`, `hora_fin`, `id_concesionario`) VALUES (38,'Sala 1','07:00:00','19:00:00',32);
INSERT INTO `salas`(`id`, `nombre`, `hora_ini`, `hora_fin`, `id_concesionario`) VALUES (39,'Sala 2','07:00:00','19:00:00',32);
INSERT INTO `salas`(`id`, `nombre`, `hora_ini`, `hora_fin`, `id_concesionario`) VALUES (40,'Sala 1','07:00:00','19:00:00',33);
INSERT INTO `salas`(`id`, `nombre`, `hora_ini`, `hora_fin`, `id_concesionario`) VALUES (41,'Sala 1','07:00:00','19:00:00',34);
INSERT INTO `salas`(`id`, `nombre`, `hora_ini`, `hora_fin`, `id_concesionario`) VALUES (42,'Sala 1','07:00:00','19:00:00',35);
INSERT INTO `salas`(`id`, `nombre`, `hora_ini`, `hora_fin`, `id_concesionario`) VALUES (43,'Sala 1','07:00:00','19:00:00',40);
INSERT INTO `salas`(`id`, `nombre`, `hora_ini`, `hora_fin`, `id_concesionario`) VALUES (44,'Sala 2','07:00:00','19:00:00',40);
INSERT INTO `salas`(`id`, `nombre`, `hora_ini`, `hora_fin`, `id_concesionario`) VALUES (45,'Sala 3','07:00:00','19:00:00',40);
INSERT INTO `salas`(`id`, `nombre`, `hora_ini`, `hora_fin`, `id_concesionario`) VALUES (46,'Sala 4','07:00:00','19:00:00',40);
INSERT INTO `salas`(`id`, `nombre`, `hora_ini`, `hora_fin`, `id_concesionario`) VALUES (47,'Sala 1','07:00:00','19:00:00',38);
INSERT INTO `salas`(`id`, `nombre`, `hora_ini`, `hora_fin`, `id_concesionario`) VALUES (48,'Sala 2','07:00:00','19:00:00',38);
INSERT INTO `salas`(`id`, `nombre`, `hora_ini`, `hora_fin`, `id_concesionario`) VALUES (49,'Sala 3','07:00:00','19:00:00',38);
INSERT INTO `salas`(`id`, `nombre`, `hora_ini`, `hora_fin`, `id_concesionario`) VALUES (50,'Sala 1','07:00:00','19:00:00',37);
INSERT INTO `salas`(`id`, `nombre`, `hora_ini`, `hora_fin`, `id_concesionario`) VALUES (51,'Sala 1','07:00:00','19:00:00',36);
INSERT INTO `salas`(`id`, `nombre`, `hora_ini`, `hora_fin`, `id_concesionario`) VALUES (52,'Sala 2','07:00:00','19:00:00',36);
INSERT INTO `salas`(`id`, `nombre`, `hora_ini`, `hora_fin`, `id_concesionario`) VALUES (53,'Sala 1','07:00:00','19:00:00',39);
INSERT INTO `salas`(`id`, `nombre`, `hora_ini`, `hora_fin`, `id_concesionario`) VALUES (54,'Sala 2','07:00:00','19:00:00',39);
INSERT INTO `salas`(`id`, `nombre`, `hora_ini`, `hora_fin`, `id_concesionario`) VALUES (55,'Sala 1','07:00:00','19:00:00',41);
INSERT INTO `salas`(`id`, `nombre`, `hora_ini`, `hora_fin`, `id_concesionario`) VALUES (56,'Sala 1','07:00:00','19:00:00',42);
INSERT INTO `salas`(`id`, `nombre`, `hora_ini`, `hora_fin`, `id_concesionario`) VALUES (57,'Sala 1','07:00:00','19:00:00',43);
INSERT INTO `salas`(`id`, `nombre`, `hora_ini`, `hora_fin`, `id_concesionario`) VALUES (58,'Sala 1','07:00:00','19:00:00',44);
INSERT INTO `salas`(`id`, `nombre`, `hora_ini`, `hora_fin`, `id_concesionario`) VALUES (59,'Sala 1','07:00:00','19:00:00',45);
INSERT INTO `salas`(`id`, `nombre`, `hora_ini`, `hora_fin`, `id_concesionario`) VALUES (60,'Sala 1','07:00:00','19:00:00',46);
INSERT INTO `salas`(`id`, `nombre`, `hora_ini`, `hora_fin`, `id_concesionario`) VALUES (61,'Sala 1','07:00:00','19:00:00',47);

--
-- Dumping data for table `usuarios_admin_concesionarios`
--

INSERT INTO `usuarios_admin_concesionarios`(`id_concesionario`, `id_usuario`) VALUES (29,31);
INSERT INTO `usuarios_admin_concesionarios`(`id_concesionario`, `id_usuario`) VALUES (29,32);
INSERT INTO `usuarios_admin_concesionarios`(`id_concesionario`, `id_usuario`) VALUES (29,33);
INSERT INTO `usuarios_admin_concesionarios`(`id_concesionario`, `id_usuario`) VALUES (29,34);
INSERT INTO `usuarios_admin_concesionarios`(`id_concesionario`, `id_usuario`) VALUES (29,35);
INSERT INTO `usuarios_admin_concesionarios`(`id_concesionario`, `id_usuario`) VALUES (29,36);
INSERT INTO `usuarios_admin_concesionarios`(`id_concesionario`, `id_usuario`) VALUES (29,37);
INSERT INTO `usuarios_admin_concesionarios`(`id_concesionario`, `id_usuario`) VALUES (29,38);
INSERT INTO `usuarios_admin_concesionarios`(`id_concesionario`, `id_usuario`) VALUES (29,39);
INSERT INTO `usuarios_admin_concesionarios`(`id_concesionario`, `id_usuario`) VALUES (29,40);
INSERT INTO `usuarios_admin_concesionarios`(`id_concesionario`, `id_usuario`) VALUES (30,41);
INSERT INTO `usuarios_admin_concesionarios`(`id_concesionario`, `id_usuario`) VALUES (30,42);
INSERT INTO `usuarios_admin_concesionarios`(`id_concesionario`, `id_usuario`) VALUES (30,43);
INSERT INTO `usuarios_admin_concesionarios`(`id_concesionario`, `id_usuario`) VALUES (30,44);
INSERT INTO `usuarios_admin_concesionarios`(`id_concesionario`, `id_usuario`) VALUES (30,45);
INSERT INTO `usuarios_admin_concesionarios`(`id_concesionario`, `id_usuario`) VALUES (30,46);
INSERT INTO `usuarios_admin_concesionarios`(`id_concesionario`, `id_usuario`) VALUES (30,47);
INSERT INTO `usuarios_admin_concesionarios`(`id_concesionario`, `id_usuario`) VALUES (30,48);
INSERT INTO `usuarios_admin_concesionarios`(`id_concesionario`, `id_usuario`) VALUES (30,49);
INSERT INTO `usuarios_admin_concesionarios`(`id_concesionario`, `id_usuario`) VALUES (30,50);
INSERT INTO `usuarios_admin_concesionarios`(`id_concesionario`, `id_usuario`) VALUES (29,51);
INSERT INTO `usuarios_admin_concesionarios`(`id_concesionario`, `id_usuario`) VALUES (30,51);
INSERT INTO `usuarios_admin_concesionarios`(`id_concesionario`, `id_usuario`) VALUES (29,52);
INSERT INTO `usuarios_admin_concesionarios`(`id_concesionario`, `id_usuario`) VALUES (30,53);
INSERT INTO `usuarios_admin_concesionarios`(`id_concesionario`, `id_usuario`) VALUES (17,54);
INSERT INTO `usuarios_admin_concesionarios`(`id_concesionario`, `id_usuario`) VALUES (17,55);
INSERT INTO `usuarios_admin_concesionarios`(`id_concesionario`, `id_usuario`) VALUES (17,56);
INSERT INTO `usuarios_admin_concesionarios`(`id_concesionario`, `id_usuario`) VALUES (17,57);
INSERT INTO `usuarios_admin_concesionarios`(`id_concesionario`, `id_usuario`) VALUES (17,58);
INSERT INTO `usuarios_admin_concesionarios`(`id_concesionario`, `id_usuario`) VALUES (17,59);
INSERT INTO `usuarios_admin_concesionarios`(`id_concesionario`, `id_usuario`) VALUES (17,60);
INSERT INTO `usuarios_admin_concesionarios`(`id_concesionario`, `id_usuario`) VALUES (17,61);
INSERT INTO `usuarios_admin_concesionarios`(`id_concesionario`, `id_usuario`) VALUES (17,62);
INSERT INTO `usuarios_admin_concesionarios`(`id_concesionario`, `id_usuario`) VALUES (17,63);
INSERT INTO `usuarios_admin_concesionarios`(`id_concesionario`, `id_usuario`) VALUES (17,64);
INSERT INTO `usuarios_admin_concesionarios`(`id_concesionario`, `id_usuario`) VALUES (17,65);
INSERT INTO `usuarios_admin_concesionarios`(`id_concesionario`, `id_usuario`) VALUES (17,66);
INSERT INTO `usuarios_admin_concesionarios`(`id_concesionario`, `id_usuario`) VALUES (17,67);
INSERT INTO `usuarios_admin_concesionarios`(`id_concesionario`, `id_usuario`) VALUES (17,68);
INSERT INTO `usuarios_admin_concesionarios`(`id_concesionario`, `id_usuario`) VALUES (17,69);
INSERT INTO `usuarios_admin_concesionarios`(`id_concesionario`, `id_usuario`) VALUES (17,70);
INSERT INTO `usuarios_admin_concesionarios`(`id_concesionario`, `id_usuario`) VALUES (17,71);
INSERT INTO `usuarios_admin_concesionarios`(`id_concesionario`, `id_usuario`) VALUES (17,72);
INSERT INTO `usuarios_admin_concesionarios`(`id_concesionario`, `id_usuario`) VALUES (34,73);
INSERT INTO `usuarios_admin_concesionarios`(`id_concesionario`, `id_usuario`) VALUES (34,74);
INSERT INTO `usuarios_admin_concesionarios`(`id_concesionario`, `id_usuario`) VALUES (34,75);
INSERT INTO `usuarios_admin_concesionarios`(`id_concesionario`, `id_usuario`) VALUES (34,76);
INSERT INTO `usuarios_admin_concesionarios`(`id_concesionario`, `id_usuario`) VALUES (34,77);
INSERT INTO `usuarios_admin_concesionarios`(`id_concesionario`, `id_usuario`) VALUES (34,78);
INSERT INTO `usuarios_admin_concesionarios`(`id_concesionario`, `id_usuario`) VALUES (34,79);
INSERT INTO `usuarios_admin_concesionarios`(`id_concesionario`, `id_usuario`) VALUES (28,80);
INSERT INTO `usuarios_admin_concesionarios`(`id_concesionario`, `id_usuario`) VALUES (28,81);
INSERT INTO `usuarios_admin_concesionarios`(`id_concesionario`, `id_usuario`) VALUES (28,82);
INSERT INTO `usuarios_admin_concesionarios`(`id_concesionario`, `id_usuario`) VALUES (28,83);
INSERT INTO `usuarios_admin_concesionarios`(`id_concesionario`, `id_usuario`) VALUES (28,84);
INSERT INTO `usuarios_admin_concesionarios`(`id_concesionario`, `id_usuario`) VALUES (28,85);
INSERT INTO `usuarios_admin_concesionarios`(`id_concesionario`, `id_usuario`) VALUES (28,86);
INSERT INTO `usuarios_admin_concesionarios`(`id_concesionario`, `id_usuario`) VALUES (28,87);
INSERT INTO `usuarios_admin_concesionarios`(`id_concesionario`, `id_usuario`) VALUES (28,88);
INSERT INTO `usuarios_admin_concesionarios`(`id_concesionario`, `id_usuario`) VALUES (20,89);
INSERT INTO `usuarios_admin_concesionarios`(`id_concesionario`, `id_usuario`) VALUES (20,90);
INSERT INTO `usuarios_admin_concesionarios`(`id_concesionario`, `id_usuario`) VALUES (20,91);
INSERT INTO `usuarios_admin_concesionarios`(`id_concesionario`, `id_usuario`) VALUES (20,92);
INSERT INTO `usuarios_admin_concesionarios`(`id_concesionario`, `id_usuario`) VALUES (20,93);
INSERT INTO `usuarios_admin_concesionarios`(`id_concesionario`, `id_usuario`) VALUES (20,94);
INSERT INTO `usuarios_admin_concesionarios`(`id_concesionario`, `id_usuario`) VALUES (20,95);
INSERT INTO `usuarios_admin_concesionarios`(`id_concesionario`, `id_usuario`) VALUES (20,96);
INSERT INTO `usuarios_admin_concesionarios`(`id_concesionario`, `id_usuario`) VALUES (20,97);
INSERT INTO `usuarios_admin_concesionarios`(`id_concesionario`, `id_usuario`) VALUES (20,98);
INSERT INTO `usuarios_admin_concesionarios`(`id_concesionario`, `id_usuario`) VALUES (20,99);
INSERT INTO `usuarios_admin_concesionarios`(`id_concesionario`, `id_usuario`) VALUES (20,100);
INSERT INTO `usuarios_admin_concesionarios`(`id_concesionario`, `id_usuario`) VALUES (20,101);
INSERT INTO `usuarios_admin_concesionarios`(`id_concesionario`, `id_usuario`) VALUES (20,102);
INSERT INTO `usuarios_admin_concesionarios`(`id_concesionario`, `id_usuario`) VALUES (20,103);
INSERT INTO `usuarios_admin_concesionarios`(`id_concesionario`, `id_usuario`) VALUES (20,104);
INSERT INTO `usuarios_admin_concesionarios`(`id_concesionario`, `id_usuario`) VALUES (13,105);
INSERT INTO `usuarios_admin_concesionarios`(`id_concesionario`, `id_usuario`) VALUES (20,105);
INSERT INTO `usuarios_admin_concesionarios`(`id_concesionario`, `id_usuario`) VALUES (18,106);
INSERT INTO `usuarios_admin_concesionarios`(`id_concesionario`, `id_usuario`) VALUES (18,107);
INSERT INTO `usuarios_admin_concesionarios`(`id_concesionario`, `id_usuario`) VALUES (18,108);
INSERT INTO `usuarios_admin_concesionarios`(`id_concesionario`, `id_usuario`) VALUES (18,109);
INSERT INTO `usuarios_admin_concesionarios`(`id_concesionario`, `id_usuario`) VALUES (18,110);
INSERT INTO `usuarios_admin_concesionarios`(`id_concesionario`, `id_usuario`) VALUES (18,111);
INSERT INTO `usuarios_admin_concesionarios`(`id_concesionario`, `id_usuario`) VALUES (18,112);
INSERT INTO `usuarios_admin_concesionarios`(`id_concesionario`, `id_usuario`) VALUES (18,113);
INSERT INTO `usuarios_admin_concesionarios`(`id_concesionario`, `id_usuario`) VALUES (18,114);
INSERT INTO `usuarios_admin_concesionarios`(`id_concesionario`, `id_usuario`) VALUES (18,115);
INSERT INTO `usuarios_admin_concesionarios`(`id_concesionario`, `id_usuario`) VALUES (18,116);
INSERT INTO `usuarios_admin_concesionarios`(`id_concesionario`, `id_usuario`) VALUES (18,117);
INSERT INTO `usuarios_admin_concesionarios`(`id_concesionario`, `id_usuario`) VALUES (18,118);
INSERT INTO `usuarios_admin_concesionarios`(`id_concesionario`, `id_usuario`) VALUES (18,119);
INSERT INTO `usuarios_admin_concesionarios`(`id_concesionario`, `id_usuario`) VALUES (18,120);
INSERT INTO `usuarios_admin_concesionarios`(`id_concesionario`, `id_usuario`) VALUES (18,121);
INSERT INTO `usuarios_admin_concesionarios`(`id_concesionario`, `id_usuario`) VALUES (18,122);
INSERT INTO `usuarios_admin_concesionarios`(`id_concesionario`, `id_usuario`) VALUES (12,123);
INSERT INTO `usuarios_admin_concesionarios`(`id_concesionario`, `id_usuario`) VALUES (12,124);
INSERT INTO `usuarios_admin_concesionarios`(`id_concesionario`, `id_usuario`) VALUES (12,125);
INSERT INTO `usuarios_admin_concesionarios`(`id_concesionario`, `id_usuario`) VALUES (12,126);
INSERT INTO `usuarios_admin_concesionarios`(`id_concesionario`, `id_usuario`) VALUES (12,127);
INSERT INTO `usuarios_admin_concesionarios`(`id_concesionario`, `id_usuario`) VALUES (12,128);
INSERT INTO `usuarios_admin_concesionarios`(`id_concesionario`, `id_usuario`) VALUES (12,129);
INSERT INTO `usuarios_admin_concesionarios`(`id_concesionario`, `id_usuario`) VALUES (12,130);
INSERT INTO `usuarios_admin_concesionarios`(`id_concesionario`, `id_usuario`) VALUES (12,131);
INSERT INTO `usuarios_admin_concesionarios`(`id_concesionario`, `id_usuario`) VALUES (12,132);
INSERT INTO `usuarios_admin_concesionarios`(`id_concesionario`, `id_usuario`) VALUES (12,133);
INSERT INTO `usuarios_admin_concesionarios`(`id_concesionario`, `id_usuario`) VALUES (40,134);
INSERT INTO `usuarios_admin_concesionarios`(`id_concesionario`, `id_usuario`) VALUES (40,135);
INSERT INTO `usuarios_admin_concesionarios`(`id_concesionario`, `id_usuario`) VALUES (40,136);
INSERT INTO `usuarios_admin_concesionarios`(`id_concesionario`, `id_usuario`) VALUES (40,137);
INSERT INTO `usuarios_admin_concesionarios`(`id_concesionario`, `id_usuario`) VALUES (40,138);
INSERT INTO `usuarios_admin_concesionarios`(`id_concesionario`, `id_usuario`) VALUES (40,139);
INSERT INTO `usuarios_admin_concesionarios`(`id_concesionario`, `id_usuario`) VALUES (40,140);
INSERT INTO `usuarios_admin_concesionarios`(`id_concesionario`, `id_usuario`) VALUES (40,141);
INSERT INTO `usuarios_admin_concesionarios`(`id_concesionario`, `id_usuario`) VALUES (40,142);
INSERT INTO `usuarios_admin_concesionarios`(`id_concesionario`, `id_usuario`) VALUES (40,143);
INSERT INTO `usuarios_admin_concesionarios`(`id_concesionario`, `id_usuario`) VALUES (40,144);
INSERT INTO `usuarios_admin_concesionarios`(`id_concesionario`, `id_usuario`) VALUES (40,145);
INSERT INTO `usuarios_admin_concesionarios`(`id_concesionario`, `id_usuario`) VALUES (40,146);
INSERT INTO `usuarios_admin_concesionarios`(`id_concesionario`, `id_usuario`) VALUES (40,147);
INSERT INTO `usuarios_admin_concesionarios`(`id_concesionario`, `id_usuario`) VALUES (40,148);
INSERT INTO `usuarios_admin_concesionarios`(`id_concesionario`, `id_usuario`) VALUES (40,149);
INSERT INTO `usuarios_admin_concesionarios`(`id_concesionario`, `id_usuario`) VALUES (40,150);
INSERT INTO `usuarios_admin_concesionarios`(`id_concesionario`, `id_usuario`) VALUES (40,151);
INSERT INTO `usuarios_admin_concesionarios`(`id_concesionario`, `id_usuario`) VALUES (40,152);
INSERT INTO `usuarios_admin_concesionarios`(`id_concesionario`, `id_usuario`) VALUES (40,153);
INSERT INTO `usuarios_admin_concesionarios`(`id_concesionario`, `id_usuario`) VALUES (40,154);
INSERT INTO `usuarios_admin_concesionarios`(`id_concesionario`, `id_usuario`) VALUES (40,155);
INSERT INTO `usuarios_admin_concesionarios`(`id_concesionario`, `id_usuario`) VALUES (40,156);
INSERT INTO `usuarios_admin_concesionarios`(`id_concesionario`, `id_usuario`) VALUES (40,157);
INSERT INTO `usuarios_admin_concesionarios`(`id_concesionario`, `id_usuario`) VALUES (40,158);
INSERT INTO `usuarios_admin_concesionarios`(`id_concesionario`, `id_usuario`) VALUES (31,159);
INSERT INTO `usuarios_admin_concesionarios`(`id_concesionario`, `id_usuario`) VALUES (31,160);
INSERT INTO `usuarios_admin_concesionarios`(`id_concesionario`, `id_usuario`) VALUES (31,161);
INSERT INTO `usuarios_admin_concesionarios`(`id_concesionario`, `id_usuario`) VALUES (31,162);
INSERT INTO `usuarios_admin_concesionarios`(`id_concesionario`, `id_usuario`) VALUES (31,163);
INSERT INTO `usuarios_admin_concesionarios`(`id_concesionario`, `id_usuario`) VALUES (31,164);
INSERT INTO `usuarios_admin_concesionarios`(`id_concesionario`, `id_usuario`) VALUES (31,165);
INSERT INTO `usuarios_admin_concesionarios`(`id_concesionario`, `id_usuario`) VALUES (39,166);
INSERT INTO `usuarios_admin_concesionarios`(`id_concesionario`, `id_usuario`) VALUES (39,167);
INSERT INTO `usuarios_admin_concesionarios`(`id_concesionario`, `id_usuario`) VALUES (39,168);
INSERT INTO `usuarios_admin_concesionarios`(`id_concesionario`, `id_usuario`) VALUES (39,169);
INSERT INTO `usuarios_admin_concesionarios`(`id_concesionario`, `id_usuario`) VALUES (39,170);
INSERT INTO `usuarios_admin_concesionarios`(`id_concesionario`, `id_usuario`) VALUES (39,171);
INSERT INTO `usuarios_admin_concesionarios`(`id_concesionario`, `id_usuario`) VALUES (39,172);
INSERT INTO `usuarios_admin_concesionarios`(`id_concesionario`, `id_usuario`) VALUES (39,173);
INSERT INTO `usuarios_admin_concesionarios`(`id_concesionario`, `id_usuario`) VALUES (39,174);
INSERT INTO `usuarios_admin_concesionarios`(`id_concesionario`, `id_usuario`) VALUES (39,175);
INSERT INTO `usuarios_admin_concesionarios`(`id_concesionario`, `id_usuario`) VALUES (39,176);
INSERT INTO `usuarios_admin_concesionarios`(`id_concesionario`, `id_usuario`) VALUES (39,177);
INSERT INTO `usuarios_admin_concesionarios`(`id_concesionario`, `id_usuario`) VALUES (39,178);
INSERT INTO `usuarios_admin_concesionarios`(`id_concesionario`, `id_usuario`) VALUES (39,179);
INSERT INTO `usuarios_admin_concesionarios`(`id_concesionario`, `id_usuario`) VALUES (39,180);
INSERT INTO `usuarios_admin_concesionarios`(`id_concesionario`, `id_usuario`) VALUES (39,181);
INSERT INTO `usuarios_admin_concesionarios`(`id_concesionario`, `id_usuario`) VALUES (39,182);
INSERT INTO `usuarios_admin_concesionarios`(`id_concesionario`, `id_usuario`) VALUES (39,183);
INSERT INTO `usuarios_admin_concesionarios`(`id_concesionario`, `id_usuario`) VALUES (39,184);
INSERT INTO `usuarios_admin_concesionarios`(`id_concesionario`, `id_usuario`) VALUES (39,185);
INSERT INTO `usuarios_admin_concesionarios`(`id_concesionario`, `id_usuario`) VALUES (39,186);
INSERT INTO `usuarios_admin_concesionarios`(`id_concesionario`, `id_usuario`) VALUES (39,187);
INSERT INTO `usuarios_admin_concesionarios`(`id_concesionario`, `id_usuario`) VALUES (43,188);
INSERT INTO `usuarios_admin_concesionarios`(`id_concesionario`, `id_usuario`) VALUES (43,189);
INSERT INTO `usuarios_admin_concesionarios`(`id_concesionario`, `id_usuario`) VALUES (43,190);
INSERT INTO `usuarios_admin_concesionarios`(`id_concesionario`, `id_usuario`) VALUES (43,191);
INSERT INTO `usuarios_admin_concesionarios`(`id_concesionario`, `id_usuario`) VALUES (43,192);
INSERT INTO `usuarios_admin_concesionarios`(`id_concesionario`, `id_usuario`) VALUES (43,193);
INSERT INTO `usuarios_admin_concesionarios`(`id_concesionario`, `id_usuario`) VALUES (43,194);
INSERT INTO `usuarios_admin_concesionarios`(`id_concesionario`, `id_usuario`) VALUES (14,195);
INSERT INTO `usuarios_admin_concesionarios`(`id_concesionario`, `id_usuario`) VALUES (14,196);
INSERT INTO `usuarios_admin_concesionarios`(`id_concesionario`, `id_usuario`) VALUES (14,197);
INSERT INTO `usuarios_admin_concesionarios`(`id_concesionario`, `id_usuario`) VALUES (14,198);
INSERT INTO `usuarios_admin_concesionarios`(`id_concesionario`, `id_usuario`) VALUES (14,199);
INSERT INTO `usuarios_admin_concesionarios`(`id_concesionario`, `id_usuario`) VALUES (14,200);
INSERT INTO `usuarios_admin_concesionarios`(`id_concesionario`, `id_usuario`) VALUES (14,201);
INSERT INTO `usuarios_admin_concesionarios`(`id_concesionario`, `id_usuario`) VALUES (14,202);
INSERT INTO `usuarios_admin_concesionarios`(`id_concesionario`, `id_usuario`) VALUES (14,203);
INSERT INTO `usuarios_admin_concesionarios`(`id_concesionario`, `id_usuario`) VALUES (14,204);
INSERT INTO `usuarios_admin_concesionarios`(`id_concesionario`, `id_usuario`) VALUES (14,205);
INSERT INTO `usuarios_admin_concesionarios`(`id_concesionario`, `id_usuario`) VALUES (14,206);
INSERT INTO `usuarios_admin_concesionarios`(`id_concesionario`, `id_usuario`) VALUES (14,207);
INSERT INTO `usuarios_admin_concesionarios`(`id_concesionario`, `id_usuario`) VALUES (14,208);
INSERT INTO `usuarios_admin_concesionarios`(`id_concesionario`, `id_usuario`) VALUES (14,209);
INSERT INTO `usuarios_admin_concesionarios`(`id_concesionario`, `id_usuario`) VALUES (14,210);
INSERT INTO `usuarios_admin_concesionarios`(`id_concesionario`, `id_usuario`) VALUES (14,211);
INSERT INTO `usuarios_admin_concesionarios`(`id_concesionario`, `id_usuario`) VALUES (14,212);
INSERT INTO `usuarios_admin_concesionarios`(`id_concesionario`, `id_usuario`) VALUES (14,213);
INSERT INTO `usuarios_admin_concesionarios`(`id_concesionario`, `id_usuario`) VALUES (14,214);
INSERT INTO `usuarios_admin_concesionarios`(`id_concesionario`, `id_usuario`) VALUES (14,215);
INSERT INTO `usuarios_admin_concesionarios`(`id_concesionario`, `id_usuario`) VALUES (14,216);
INSERT INTO `usuarios_admin_concesionarios`(`id_concesionario`, `id_usuario`) VALUES (14,217);
INSERT INTO `usuarios_admin_concesionarios`(`id_concesionario`, `id_usuario`) VALUES (14,218);
INSERT INTO `usuarios_admin_concesionarios`(`id_concesionario`, `id_usuario`) VALUES (42,219);
INSERT INTO `usuarios_admin_concesionarios`(`id_concesionario`, `id_usuario`) VALUES (42,220);
INSERT INTO `usuarios_admin_concesionarios`(`id_concesionario`, `id_usuario`) VALUES (42,221);
INSERT INTO `usuarios_admin_concesionarios`(`id_concesionario`, `id_usuario`) VALUES (42,222);
INSERT INTO `usuarios_admin_concesionarios`(`id_concesionario`, `id_usuario`) VALUES (42,223);
INSERT INTO `usuarios_admin_concesionarios`(`id_concesionario`, `id_usuario`) VALUES (47,224);
INSERT INTO `usuarios_admin_concesionarios`(`id_concesionario`, `id_usuario`) VALUES (47,225);
INSERT INTO `usuarios_admin_concesionarios`(`id_concesionario`, `id_usuario`) VALUES (47,226);
INSERT INTO `usuarios_admin_concesionarios`(`id_concesionario`, `id_usuario`) VALUES (47,227);
INSERT INTO `usuarios_admin_concesionarios`(`id_concesionario`, `id_usuario`) VALUES (47,228);
INSERT INTO `usuarios_admin_concesionarios`(`id_concesionario`, `id_usuario`) VALUES (47,229);
INSERT INTO `usuarios_admin_concesionarios`(`id_concesionario`, `id_usuario`) VALUES (47,230);
INSERT INTO `usuarios_admin_concesionarios`(`id_concesionario`, `id_usuario`) VALUES (47,231);
INSERT INTO `usuarios_admin_concesionarios`(`id_concesionario`, `id_usuario`) VALUES (15,232);
INSERT INTO `usuarios_admin_concesionarios`(`id_concesionario`, `id_usuario`) VALUES (15,233);
INSERT INTO `usuarios_admin_concesionarios`(`id_concesionario`, `id_usuario`) VALUES (15,234);
INSERT INTO `usuarios_admin_concesionarios`(`id_concesionario`, `id_usuario`) VALUES (15,235);
INSERT INTO `usuarios_admin_concesionarios`(`id_concesionario`, `id_usuario`) VALUES (15,236);
INSERT INTO `usuarios_admin_concesionarios`(`id_concesionario`, `id_usuario`) VALUES (15,237);
INSERT INTO `usuarios_admin_concesionarios`(`id_concesionario`, `id_usuario`) VALUES (15,238);
INSERT INTO `usuarios_admin_concesionarios`(`id_concesionario`, `id_usuario`) VALUES (15,239);
INSERT INTO `usuarios_admin_concesionarios`(`id_concesionario`, `id_usuario`) VALUES (15,240);
INSERT INTO `usuarios_admin_concesionarios`(`id_concesionario`, `id_usuario`) VALUES (15,241);
INSERT INTO `usuarios_admin_concesionarios`(`id_concesionario`, `id_usuario`) VALUES (15,242);
INSERT INTO `usuarios_admin_concesionarios`(`id_concesionario`, `id_usuario`) VALUES (15,243);
INSERT INTO `usuarios_admin_concesionarios`(`id_concesionario`, `id_usuario`) VALUES (15,244);
INSERT INTO `usuarios_admin_concesionarios`(`id_concesionario`, `id_usuario`) VALUES (15,245);
INSERT INTO `usuarios_admin_concesionarios`(`id_concesionario`, `id_usuario`) VALUES (15,246);
INSERT INTO `usuarios_admin_concesionarios`(`id_concesionario`, `id_usuario`) VALUES (15,247);
INSERT INTO `usuarios_admin_concesionarios`(`id_concesionario`, `id_usuario`) VALUES (15,248);
INSERT INTO `usuarios_admin_concesionarios`(`id_concesionario`, `id_usuario`) VALUES (15,249);
INSERT INTO `usuarios_admin_concesionarios`(`id_concesionario`, `id_usuario`) VALUES (15,250);
INSERT INTO `usuarios_admin_concesionarios`(`id_concesionario`, `id_usuario`) VALUES (10,251);
INSERT INTO `usuarios_admin_concesionarios`(`id_concesionario`, `id_usuario`) VALUES (10,252);
INSERT INTO `usuarios_admin_concesionarios`(`id_concesionario`, `id_usuario`) VALUES (10,253);
INSERT INTO `usuarios_admin_concesionarios`(`id_concesionario`, `id_usuario`) VALUES (10,254);
INSERT INTO `usuarios_admin_concesionarios`(`id_concesionario`, `id_usuario`) VALUES (10,255);
INSERT INTO `usuarios_admin_concesionarios`(`id_concesionario`, `id_usuario`) VALUES (45,256);
INSERT INTO `usuarios_admin_concesionarios`(`id_concesionario`, `id_usuario`) VALUES (45,257);
INSERT INTO `usuarios_admin_concesionarios`(`id_concesionario`, `id_usuario`) VALUES (45,258);
INSERT INTO `usuarios_admin_concesionarios`(`id_concesionario`, `id_usuario`) VALUES (45,259);
INSERT INTO `usuarios_admin_concesionarios`(`id_concesionario`, `id_usuario`) VALUES (45,260);
INSERT INTO `usuarios_admin_concesionarios`(`id_concesionario`, `id_usuario`) VALUES (26,261);
INSERT INTO `usuarios_admin_concesionarios`(`id_concesionario`, `id_usuario`) VALUES (26,262);
INSERT INTO `usuarios_admin_concesionarios`(`id_concesionario`, `id_usuario`) VALUES (26,263);
INSERT INTO `usuarios_admin_concesionarios`(`id_concesionario`, `id_usuario`) VALUES (26,264);
INSERT INTO `usuarios_admin_concesionarios`(`id_concesionario`, `id_usuario`) VALUES (26,265);
INSERT INTO `usuarios_admin_concesionarios`(`id_concesionario`, `id_usuario`) VALUES (26,266);
INSERT INTO `usuarios_admin_concesionarios`(`id_concesionario`, `id_usuario`) VALUES (26,267);
INSERT INTO `usuarios_admin_concesionarios`(`id_concesionario`, `id_usuario`) VALUES (26,268);
INSERT INTO `usuarios_admin_concesionarios`(`id_concesionario`, `id_usuario`) VALUES (26,269);
INSERT INTO `usuarios_admin_concesionarios`(`id_concesionario`, `id_usuario`) VALUES (26,270);
INSERT INTO `usuarios_admin_concesionarios`(`id_concesionario`, `id_usuario`) VALUES (26,271);
INSERT INTO `usuarios_admin_concesionarios`(`id_concesionario`, `id_usuario`) VALUES (26,272);
INSERT INTO `usuarios_admin_concesionarios`(`id_concesionario`, `id_usuario`) VALUES (26,273);
INSERT INTO `usuarios_admin_concesionarios`(`id_concesionario`, `id_usuario`) VALUES (26,274);
INSERT INTO `usuarios_admin_concesionarios`(`id_concesionario`, `id_usuario`) VALUES (13,275);
INSERT INTO `usuarios_admin_concesionarios`(`id_concesionario`, `id_usuario`) VALUES (13,276);
INSERT INTO `usuarios_admin_concesionarios`(`id_concesionario`, `id_usuario`) VALUES (13,277);
INSERT INTO `usuarios_admin_concesionarios`(`id_concesionario`, `id_usuario`) VALUES (13,278);
INSERT INTO `usuarios_admin_concesionarios`(`id_concesionario`, `id_usuario`) VALUES (13,279);
INSERT INTO `usuarios_admin_concesionarios`(`id_concesionario`, `id_usuario`) VALUES (13,280);
INSERT INTO `usuarios_admin_concesionarios`(`id_concesionario`, `id_usuario`) VALUES (13,281);
INSERT INTO `usuarios_admin_concesionarios`(`id_concesionario`, `id_usuario`) VALUES (13,282);
INSERT INTO `usuarios_admin_concesionarios`(`id_concesionario`, `id_usuario`) VALUES (13,283);
INSERT INTO `usuarios_admin_concesionarios`(`id_concesionario`, `id_usuario`) VALUES (13,284);
INSERT INTO `usuarios_admin_concesionarios`(`id_concesionario`, `id_usuario`) VALUES (13,285);
INSERT INTO `usuarios_admin_concesionarios`(`id_concesionario`, `id_usuario`) VALUES (13,286);
INSERT INTO `usuarios_admin_concesionarios`(`id_concesionario`, `id_usuario`) VALUES (13,287);
INSERT INTO `usuarios_admin_concesionarios`(`id_concesionario`, `id_usuario`) VALUES (13,288);
INSERT INTO `usuarios_admin_concesionarios`(`id_concesionario`, `id_usuario`) VALUES (13,289);
INSERT INTO `usuarios_admin_concesionarios`(`id_concesionario`, `id_usuario`) VALUES (13,290);
INSERT INTO `usuarios_admin_concesionarios`(`id_concesionario`, `id_usuario`) VALUES (46,291);
INSERT INTO `usuarios_admin_concesionarios`(`id_concesionario`, `id_usuario`) VALUES (46,292);
INSERT INTO `usuarios_admin_concesionarios`(`id_concesionario`, `id_usuario`) VALUES (46,293);
INSERT INTO `usuarios_admin_concesionarios`(`id_concesionario`, `id_usuario`) VALUES (46,294);
INSERT INTO `usuarios_admin_concesionarios`(`id_concesionario`, `id_usuario`) VALUES (46,295);
INSERT INTO `usuarios_admin_concesionarios`(`id_concesionario`, `id_usuario`) VALUES (32,296);
INSERT INTO `usuarios_admin_concesionarios`(`id_concesionario`, `id_usuario`) VALUES (32,297);
INSERT INTO `usuarios_admin_concesionarios`(`id_concesionario`, `id_usuario`) VALUES (32,298);
INSERT INTO `usuarios_admin_concesionarios`(`id_concesionario`, `id_usuario`) VALUES (32,299);
INSERT INTO `usuarios_admin_concesionarios`(`id_concesionario`, `id_usuario`) VALUES (32,300);
INSERT INTO `usuarios_admin_concesionarios`(`id_concesionario`, `id_usuario`) VALUES (32,301);
INSERT INTO `usuarios_admin_concesionarios`(`id_concesionario`, `id_usuario`) VALUES (32,302);
INSERT INTO `usuarios_admin_concesionarios`(`id_concesionario`, `id_usuario`) VALUES (32,303);
INSERT INTO `usuarios_admin_concesionarios`(`id_concesionario`, `id_usuario`) VALUES (32,304);
INSERT INTO `usuarios_admin_concesionarios`(`id_concesionario`, `id_usuario`) VALUES (35,305);
INSERT INTO `usuarios_admin_concesionarios`(`id_concesionario`, `id_usuario`) VALUES (35,306);
INSERT INTO `usuarios_admin_concesionarios`(`id_concesionario`, `id_usuario`) VALUES (35,307);
INSERT INTO `usuarios_admin_concesionarios`(`id_concesionario`, `id_usuario`) VALUES (35,308);
INSERT INTO `usuarios_admin_concesionarios`(`id_concesionario`, `id_usuario`) VALUES (35,309);
INSERT INTO `usuarios_admin_concesionarios`(`id_concesionario`, `id_usuario`) VALUES (35,310);
INSERT INTO `usuarios_admin_concesionarios`(`id_concesionario`, `id_usuario`) VALUES (35,311);
INSERT INTO `usuarios_admin_concesionarios`(`id_concesionario`, `id_usuario`) VALUES (33,312);
INSERT INTO `usuarios_admin_concesionarios`(`id_concesionario`, `id_usuario`) VALUES (33,313);
INSERT INTO `usuarios_admin_concesionarios`(`id_concesionario`, `id_usuario`) VALUES (33,314);
INSERT INTO `usuarios_admin_concesionarios`(`id_concesionario`, `id_usuario`) VALUES (33,315);
INSERT INTO `usuarios_admin_concesionarios`(`id_concesionario`, `id_usuario`) VALUES (33,316);
INSERT INTO `usuarios_admin_concesionarios`(`id_concesionario`, `id_usuario`) VALUES (33,317);
INSERT INTO `usuarios_admin_concesionarios`(`id_concesionario`, `id_usuario`) VALUES (33,318);
INSERT INTO `usuarios_admin_concesionarios`(`id_concesionario`, `id_usuario`) VALUES (33,319);
INSERT INTO `usuarios_admin_concesionarios`(`id_concesionario`, `id_usuario`) VALUES (24,320);
INSERT INTO `usuarios_admin_concesionarios`(`id_concesionario`, `id_usuario`) VALUES (24,321);
INSERT INTO `usuarios_admin_concesionarios`(`id_concesionario`, `id_usuario`) VALUES (24,322);
INSERT INTO `usuarios_admin_concesionarios`(`id_concesionario`, `id_usuario`) VALUES (24,323);
INSERT INTO `usuarios_admin_concesionarios`(`id_concesionario`, `id_usuario`) VALUES (24,324);
INSERT INTO `usuarios_admin_concesionarios`(`id_concesionario`, `id_usuario`) VALUES (24,325);
INSERT INTO `usuarios_admin_concesionarios`(`id_concesionario`, `id_usuario`) VALUES (24,326);
INSERT INTO `usuarios_admin_concesionarios`(`id_concesionario`, `id_usuario`) VALUES (24,327);
INSERT INTO `usuarios_admin_concesionarios`(`id_concesionario`, `id_usuario`) VALUES (24,328);
INSERT INTO `usuarios_admin_concesionarios`(`id_concesionario`, `id_usuario`) VALUES (24,329);
INSERT INTO `usuarios_admin_concesionarios`(`id_concesionario`, `id_usuario`) VALUES (22,330);
INSERT INTO `usuarios_admin_concesionarios`(`id_concesionario`, `id_usuario`) VALUES (22,331);
INSERT INTO `usuarios_admin_concesionarios`(`id_concesionario`, `id_usuario`) VALUES (22,332);
INSERT INTO `usuarios_admin_concesionarios`(`id_concesionario`, `id_usuario`) VALUES (22,333);
INSERT INTO `usuarios_admin_concesionarios`(`id_concesionario`, `id_usuario`) VALUES (22,334);
INSERT INTO `usuarios_admin_concesionarios`(`id_concesionario`, `id_usuario`) VALUES (22,335);
INSERT INTO `usuarios_admin_concesionarios`(`id_concesionario`, `id_usuario`) VALUES (22,336);
INSERT INTO `usuarios_admin_concesionarios`(`id_concesionario`, `id_usuario`) VALUES (22,337);
INSERT INTO `usuarios_admin_concesionarios`(`id_concesionario`, `id_usuario`) VALUES (22,338);
INSERT INTO `usuarios_admin_concesionarios`(`id_concesionario`, `id_usuario`) VALUES (22,339);
INSERT INTO `usuarios_admin_concesionarios`(`id_concesionario`, `id_usuario`) VALUES (22,340);
INSERT INTO `usuarios_admin_concesionarios`(`id_concesionario`, `id_usuario`) VALUES (22,341);
INSERT INTO `usuarios_admin_concesionarios`(`id_concesionario`, `id_usuario`) VALUES (22,342);
INSERT INTO `usuarios_admin_concesionarios`(`id_concesionario`, `id_usuario`) VALUES (22,343);
INSERT INTO `usuarios_admin_concesionarios`(`id_concesionario`, `id_usuario`) VALUES (22,344);
INSERT INTO `usuarios_admin_concesionarios`(`id_concesionario`, `id_usuario`) VALUES (22,345);
INSERT INTO `usuarios_admin_concesionarios`(`id_concesionario`, `id_usuario`) VALUES (22,346);
INSERT INTO `usuarios_admin_concesionarios`(`id_concesionario`, `id_usuario`) VALUES (22,347);
INSERT INTO `usuarios_admin_concesionarios`(`id_concesionario`, `id_usuario`) VALUES (44,348);
INSERT INTO `usuarios_admin_concesionarios`(`id_concesionario`, `id_usuario`) VALUES (44,349);
INSERT INTO `usuarios_admin_concesionarios`(`id_concesionario`, `id_usuario`) VALUES (44,350);
INSERT INTO `usuarios_admin_concesionarios`(`id_concesionario`, `id_usuario`) VALUES (44,351);
INSERT INTO `usuarios_admin_concesionarios`(`id_concesionario`, `id_usuario`) VALUES (44,352);
INSERT INTO `usuarios_admin_concesionarios`(`id_concesionario`, `id_usuario`) VALUES (44,353);
INSERT INTO `usuarios_admin_concesionarios`(`id_concesionario`, `id_usuario`) VALUES (44,354);
INSERT INTO `usuarios_admin_concesionarios`(`id_concesionario`, `id_usuario`) VALUES (27,355);
INSERT INTO `usuarios_admin_concesionarios`(`id_concesionario`, `id_usuario`) VALUES (27,356);
INSERT INTO `usuarios_admin_concesionarios`(`id_concesionario`, `id_usuario`) VALUES (27,357);
INSERT INTO `usuarios_admin_concesionarios`(`id_concesionario`, `id_usuario`) VALUES (27,358);
INSERT INTO `usuarios_admin_concesionarios`(`id_concesionario`, `id_usuario`) VALUES (27,359);
INSERT INTO `usuarios_admin_concesionarios`(`id_concesionario`, `id_usuario`) VALUES (27,360);
INSERT INTO `usuarios_admin_concesionarios`(`id_concesionario`, `id_usuario`) VALUES (27,361);
INSERT INTO `usuarios_admin_concesionarios`(`id_concesionario`, `id_usuario`) VALUES (27,362);
INSERT INTO `usuarios_admin_concesionarios`(`id_concesionario`, `id_usuario`) VALUES (27,363);
INSERT INTO `usuarios_admin_concesionarios`(`id_concesionario`, `id_usuario`) VALUES (41,364);
INSERT INTO `usuarios_admin_concesionarios`(`id_concesionario`, `id_usuario`) VALUES (41,365);
INSERT INTO `usuarios_admin_concesionarios`(`id_concesionario`, `id_usuario`) VALUES (41,366);
INSERT INTO `usuarios_admin_concesionarios`(`id_concesionario`, `id_usuario`) VALUES (41,367);
INSERT INTO `usuarios_admin_concesionarios`(`id_concesionario`, `id_usuario`) VALUES (41,368);

--
-- Dumping data for table `vehiculos`
--

INSERT INTO `vehiculos`(`id`, `slug`, `categoria`, `id_modelo`, `id_version`, `ano`, `imagen`, `ficha_tecnica`) VALUES (10,'fiesta/hatchback-se-mt/2016','CARROS',10,10,2016,'/photos/vehiculos/Fiesta.png',NULL);
INSERT INTO `vehiculos`(`id`, `slug`, `categoria`, `id_modelo`, `id_version`, `ano`, `imagen`, `ficha_tecnica`) VALUES (11,'fiesta/hatchback-se-powershift-at/2016','CARROS',10,11,2016,'/photos/vehiculos/Fiesta.png',NULL);
INSERT INTO `vehiculos`(`id`, `slug`, `categoria`, `id_modelo`, `id_version`, `ano`, `imagen`, `ficha_tecnica`) VALUES (12,'fiesta/hatchback-titanium-mt/2016','CARROS',10,12,2016,'/photos/vehiculos/Fiesta.png',NULL);
INSERT INTO `vehiculos`(`id`, `slug`, `categoria`, `id_modelo`, `id_version`, `ano`, `imagen`, `ficha_tecnica`) VALUES (13,'fiesta/hatchback-titanium-powershift-at/2016','CARROS',10,13,2016,'/photos/vehiculos/Fiesta.png',NULL);
INSERT INTO `vehiculos`(`id`, `slug`, `categoria`, `id_modelo`, `id_version`, `ano`, `imagen`, `ficha_tecnica`) VALUES (14,'fiesta/sportback-se-mt/2016','CARROS',10,14,2016,'/photos/vehiculos/Fiesta.png',NULL);
INSERT INTO `vehiculos`(`id`, `slug`, `categoria`, `id_modelo`, `id_version`, `ano`, `imagen`, `ficha_tecnica`) VALUES (15,'fiesta/sportback-se-powershift/2016','CARROS',10,15,2016,'/photos/vehiculos/Fiesta.png',NULL);
INSERT INTO `vehiculos`(`id`, `slug`, `categoria`, `id_modelo`, `id_version`, `ano`, `imagen`, `ficha_tecnica`) VALUES (16,'fiesta/sportback-titanium-mt/2016','CARROS',10,16,2016,'/photos/vehiculos/Fiesta.png',NULL);
INSERT INTO `vehiculos`(`id`, `slug`, `categoria`, `id_modelo`, `id_version`, `ano`, `imagen`, `ficha_tecnica`) VALUES (17,'fiesta/sportback-titanium-powershift-at/2016','CARROS',10,17,2016,'/photos/vehiculos/Fiesta.png',NULL);
INSERT INTO `vehiculos`(`id`, `slug`, `categoria`, `id_modelo`, `id_version`, `ano`, `imagen`, `ficha_tecnica`) VALUES (18,'fusion/titanium/2015','CARROS',11,18,2015,'/photos/vehiculos/Fusion.png',NULL);
INSERT INTO `vehiculos`(`id`, `slug`, `categoria`, `id_modelo`, `id_version`, `ano`, `imagen`, `ficha_tecnica`) VALUES (19,'mustang/convertible/2016','CARROS',12,19,2016,'/photos/vehiculos/Mustang.png',NULL);
INSERT INTO `vehiculos`(`id`, `slug`, `categoria`, `id_modelo`, `id_version`, `ano`, `imagen`, `ficha_tecnica`) VALUES (20,'ecosport/se-mt/2016','SUVS',13,20,2016,'/photos/vehiculos/EcoSport.png',NULL);
INSERT INTO `vehiculos`(`id`, `slug`, `categoria`, `id_modelo`, `id_version`, `ano`, `imagen`, `ficha_tecnica`) VALUES (21,'ecosport/se-powershift/2016','SUVS',13,21,2016,'/photos/vehiculos/EcoSport.png',NULL);
INSERT INTO `vehiculos`(`id`, `slug`, `categoria`, `id_modelo`, `id_version`, `ano`, `imagen`, `ficha_tecnica`) VALUES (22,'ecosport/se-mt/2017','SUVS',13,20,2017,'/photos/vehiculos/EcoSport.png',NULL);
INSERT INTO `vehiculos`(`id`, `slug`, `categoria`, `id_modelo`, `id_version`, `ano`, `imagen`, `ficha_tecnica`) VALUES (23,'ecosport/se-powershift/2017','SUVS',13,21,2017,'/photos/vehiculos/EcoSport.png',NULL);
INSERT INTO `vehiculos`(`id`, `slug`, `categoria`, `id_modelo`, `id_version`, `ano`, `imagen`, `ficha_tecnica`) VALUES (24,'ecosport/titanium-powershift/2017','SUVS',13,22,2017,'/photos/vehiculos/EcoSport.png',NULL);
INSERT INTO `vehiculos`(`id`, `slug`, `categoria`, `id_modelo`, `id_version`, `ano`, `imagen`, `ficha_tecnica`) VALUES (25,'escape/se-4x2/2016','SUVS',14,23,2016,'/photos/vehiculos/Escape.png',NULL);
INSERT INTO `vehiculos`(`id`, `slug`, `categoria`, `id_modelo`, `id_version`, `ano`, `imagen`, `ficha_tecnica`) VALUES (26,'escape/se-awd/2016','SUVS',14,24,2016,'/photos/vehiculos/Escape.png',NULL);
INSERT INTO `vehiculos`(`id`, `slug`, `categoria`, `id_modelo`, `id_version`, `ano`, `imagen`, `ficha_tecnica`) VALUES (27,'escape/titanium/2016','SUVS',14,25,2016,'/photos/vehiculos/Escape.png',NULL);
INSERT INTO `vehiculos`(`id`, `slug`, `categoria`, `id_modelo`, `id_version`, `ano`, `imagen`, `ficha_tecnica`) VALUES (28,'edge/titanium/2016','SUVS',15,26,2016,'/photos/vehiculos/Edge.png',NULL);
INSERT INTO `vehiculos`(`id`, `slug`, `categoria`, `id_modelo`, `id_version`, `ano`, `imagen`, `ficha_tecnica`) VALUES (29,'explorer/limited/2016','SUVS',16,27,2016,'/photos/vehiculos/Explorer.png',NULL);
INSERT INTO `vehiculos`(`id`, `slug`, `categoria`, `id_modelo`, `id_version`, `ano`, `imagen`, `ficha_tecnica`) VALUES (30,'ranger/xls/2016','SUVS',17,28,2016,'/photos/vehiculos/Ranger.png',NULL);
INSERT INTO `vehiculos`(`id`, `slug`, `categoria`, `id_modelo`, `id_version`, `ano`, `imagen`, `ficha_tecnica`) VALUES (31,'ranger/limited/2015','SUVS',17,29,2015,'/photos/vehiculos/Ranger.png',NULL);
INSERT INTO `vehiculos`(`id`, `slug`, `categoria`, `id_modelo`, `id_version`, `ano`, `imagen`, `ficha_tecnica`) VALUES (32,'ranger/xls/2017','SUVS',17,28,2017,'/photos/vehiculos/Ranger.png',NULL);
INSERT INTO `vehiculos`(`id`, `slug`, `categoria`, `id_modelo`, `id_version`, `ano`, `imagen`, `ficha_tecnica`) VALUES (33,'ranger/xls/2017','SUVS',17,29,2017,'/photos/vehiculos/Ranger.png',NULL);
INSERT INTO `vehiculos`(`id`, `slug`, `categoria`, `id_modelo`, `id_version`, `ano`, `imagen`, `ficha_tecnica`) VALUES (34,'f-150/super-cab/2016','PICK-UPS',18,30,2016,'/photos/vehiculos/F-150.png',NULL);
INSERT INTO `vehiculos`(`id`, `slug`, `categoria`, `id_modelo`, `id_version`, `ano`, `imagen`, `ficha_tecnica`) VALUES (35,'f-150/super-crew/2016','PICK-UPS',18,31,2016,'/photos/vehiculos/F-150.png',NULL);
INSERT INTO `vehiculos`(`id`, `slug`, `categoria`, `id_modelo`, `id_version`, `ano`, `imagen`, `ficha_tecnica`) VALUES (36,'f-150/lariat/2015','PICK-UPS',18,32,2016,'/photos/vehiculos/F-150.png',NULL);
INSERT INTO `vehiculos`(`id`, `slug`, `categoria`, `id_modelo`, `id_version`, `ano`, `imagen`, `ficha_tecnica`) VALUES (37,'f-150/lariat/2016','PICK-UPS',18,32,2015,'/photos/vehiculos/F-150.png',NULL);

--
-- Dumping data for table `vehiculo_modelos`
--

INSERT INTO `vehiculo_modelos`(`id`, `nombre`, `slug`, `categoria`, `imagen`, `ficha_tecnica`) VALUES (10,'Fiesta','fiesta','CARROS','/photos/vehiculos/Fiesta.png','/files/fichas_tecnicas/Fiesta_Brochure.pdf');
INSERT INTO `vehiculo_modelos`(`id`, `nombre`, `slug`, `categoria`, `imagen`, `ficha_tecnica`) VALUES (11,'Fusion','fusion','CARROS','/photos/vehiculos/Fusion.png','/files/fichas_tecnicas/Fusion_Brochure.pdf');
INSERT INTO `vehiculo_modelos`(`id`, `nombre`, `slug`, `categoria`, `imagen`, `ficha_tecnica`) VALUES (12,'Mustang','mustang','CARROS','/photos/vehiculos/Mustang.png','/files/fichas_tecnicas/Mustang_Brochure.pdf');
INSERT INTO `vehiculo_modelos`(`id`, `nombre`, `slug`, `categoria`, `imagen`, `ficha_tecnica`) VALUES (13,'Ecosport','ecosport','SUVS','/photos/vehiculos/EcoSport.png','/files/fichas_tecnicas/Ecosport_Brochure.pdf');
INSERT INTO `vehiculo_modelos`(`id`, `nombre`, `slug`, `categoria`, `imagen`, `ficha_tecnica`) VALUES (14,'Escape','escape','SUVS','/photos/vehiculos/Escape.png','/files/fichas_tecnicas/Escape_Brochure.pdf');
INSERT INTO `vehiculo_modelos`(`id`, `nombre`, `slug`, `categoria`, `imagen`, `ficha_tecnica`) VALUES (15,'Edge','edge','SUVS','/photos/vehiculos/Edge.png','/files/fichas_tecnicas/Edge_Brochure.pdf');
INSERT INTO `vehiculo_modelos`(`id`, `nombre`, `slug`, `categoria`, `imagen`, `ficha_tecnica`) VALUES (16,'Explorer','explorer','SUVS','/photos/vehiculos/Explorer.png','/files/fichas_tecnicas/Explorer_Brochure.pdf');
INSERT INTO `vehiculo_modelos`(`id`, `nombre`, `slug`, `categoria`, `imagen`, `ficha_tecnica`) VALUES (17,'Ranger','ranger','PICK-UPS','/photos/vehiculos/Ranger.png','/files/fichas_tecnicas/Ranger_Brochure.pdf');
INSERT INTO `vehiculo_modelos`(`id`, `nombre`, `slug`, `categoria`, `imagen`, `ficha_tecnica`) VALUES (18,'F-150','f-150','PICK-UPS','/photos/vehiculos/F-150.png','/files/fichas_tecnicas/F150_Brochure.pdf');

--
-- Dumping data for table `vehiculo_versiones`
--

INSERT INTO `vehiculo_versiones`(`id`, `nombre`, `slug`, `id_modelo`) VALUES (10,'Hatchback SE MT','hatchback-se-mt',10);
INSERT INTO `vehiculo_versiones`(`id`, `nombre`, `slug`, `id_modelo`) VALUES (11,'Hatchback SE PowerShift AT','hatchback-se-powershift-at',10);
INSERT INTO `vehiculo_versiones`(`id`, `nombre`, `slug`, `id_modelo`) VALUES (12,'Hatchback Titanium MT','hatchback-titanium-mt',10);
INSERT INTO `vehiculo_versiones`(`id`, `nombre`, `slug`, `id_modelo`) VALUES (13,'Hatchback Titanium PowerShift AT','hatchback-titanium-powershift-at',10);
INSERT INTO `vehiculo_versiones`(`id`, `nombre`, `slug`, `id_modelo`) VALUES (14,'Sportback SE MT','sportback-se-mt',10);
INSERT INTO `vehiculo_versiones`(`id`, `nombre`, `slug`, `id_modelo`) VALUES (15,'Sportback SE PowerShift ','sportback-se-powershift',10);
INSERT INTO `vehiculo_versiones`(`id`, `nombre`, `slug`, `id_modelo`) VALUES (16,'Sportback Titanium MT','sportback-titanium-mt',10);
INSERT INTO `vehiculo_versiones`(`id`, `nombre`, `slug`, `id_modelo`) VALUES (17,'Sportback Titanium PowerShift AT','sportback-titanium-powershift-at',10);
INSERT INTO `vehiculo_versiones`(`id`, `nombre`, `slug`, `id_modelo`) VALUES (18,'Titanium','titanium',11);
INSERT INTO `vehiculo_versiones`(`id`, `nombre`, `slug`, `id_modelo`) VALUES (19,'Convertible','convertible',12);
INSERT INTO `vehiculo_versiones`(`id`, `nombre`, `slug`, `id_modelo`) VALUES (20,'SE MT','se-mt',13);
INSERT INTO `vehiculo_versiones`(`id`, `nombre`, `slug`, `id_modelo`) VALUES (21,'SE PowerShift','se-powershift',13);
INSERT INTO `vehiculo_versiones`(`id`, `nombre`, `slug`, `id_modelo`) VALUES (22,'Titanium PowerShift','titanium-powershift',13);
INSERT INTO `vehiculo_versiones`(`id`, `nombre`, `slug`, `id_modelo`) VALUES (23,'SE4x2','se-4x2',14);
INSERT INTO `vehiculo_versiones`(`id`, `nombre`, `slug`, `id_modelo`) VALUES (24,'SE AWD','se-awd',14);
INSERT INTO `vehiculo_versiones`(`id`, `nombre`, `slug`, `id_modelo`) VALUES (25,'Titanium','titanium',14);
INSERT INTO `vehiculo_versiones`(`id`, `nombre`, `slug`, `id_modelo`) VALUES (26,'Titanium','titanium',15);
INSERT INTO `vehiculo_versiones`(`id`, `nombre`, `slug`, `id_modelo`) VALUES (27,'Limited','limited',16);
INSERT INTO `vehiculo_versiones`(`id`, `nombre`, `slug`, `id_modelo`) VALUES (28,'XLS','xls',17);
INSERT INTO `vehiculo_versiones`(`id`, `nombre`, `slug`, `id_modelo`) VALUES (29,'Limited ','limited',17);
INSERT INTO `vehiculo_versiones`(`id`, `nombre`, `slug`, `id_modelo`) VALUES (30,'Super Cab','super-cab',18);
INSERT INTO `vehiculo_versiones`(`id`, `nombre`, `slug`, `id_modelo`) VALUES (31,'Super Crew','super-crew',18);
INSERT INTO `vehiculo_versiones`(`id`, `nombre`, `slug`, `id_modelo`) VALUES (32,'Lariat','lariat',18);

--
-- Dumping data for table `vehiculo_version_ano`
--

INSERT INTO `vehiculo_version_ano`(`id_version`, `ano`) VALUES (10,2016);
INSERT INTO `vehiculo_version_ano`(`id_version`, `ano`) VALUES (11,2016);
INSERT INTO `vehiculo_version_ano`(`id_version`, `ano`) VALUES (12,2016);
INSERT INTO `vehiculo_version_ano`(`id_version`, `ano`) VALUES (13,2016);
INSERT INTO `vehiculo_version_ano`(`id_version`, `ano`) VALUES (14,2016);
INSERT INTO `vehiculo_version_ano`(`id_version`, `ano`) VALUES (15,2016);
INSERT INTO `vehiculo_version_ano`(`id_version`, `ano`) VALUES (16,2016);
INSERT INTO `vehiculo_version_ano`(`id_version`, `ano`) VALUES (17,2016);
INSERT INTO `vehiculo_version_ano`(`id_version`, `ano`) VALUES (18,2015);
INSERT INTO `vehiculo_version_ano`(`id_version`, `ano`) VALUES (19,2016);
INSERT INTO `vehiculo_version_ano`(`id_version`, `ano`) VALUES (20,2016);
INSERT INTO `vehiculo_version_ano`(`id_version`, `ano`) VALUES (21,2016);
INSERT INTO `vehiculo_version_ano`(`id_version`, `ano`) VALUES (20,2017);
INSERT INTO `vehiculo_version_ano`(`id_version`, `ano`) VALUES (21,2017);
INSERT INTO `vehiculo_version_ano`(`id_version`, `ano`) VALUES (22,2017);
INSERT INTO `vehiculo_version_ano`(`id_version`, `ano`) VALUES (23,2016);
INSERT INTO `vehiculo_version_ano`(`id_version`, `ano`) VALUES (24,2016);
INSERT INTO `vehiculo_version_ano`(`id_version`, `ano`) VALUES (25,2016);
INSERT INTO `vehiculo_version_ano`(`id_version`, `ano`) VALUES (26,2016);
INSERT INTO `vehiculo_version_ano`(`id_version`, `ano`) VALUES (27,2016);
INSERT INTO `vehiculo_version_ano`(`id_version`, `ano`) VALUES (28,2016);
INSERT INTO `vehiculo_version_ano`(`id_version`, `ano`) VALUES (29,2015);
INSERT INTO `vehiculo_version_ano`(`id_version`, `ano`) VALUES (28,2017);
INSERT INTO `vehiculo_version_ano`(`id_version`, `ano`) VALUES (29,2017);
INSERT INTO `vehiculo_version_ano`(`id_version`, `ano`) VALUES (30,2016);
INSERT INTO `vehiculo_version_ano`(`id_version`, `ano`) VALUES (31,2016);
INSERT INTO `vehiculo_version_ano`(`id_version`, `ano`) VALUES (32,2015);
INSERT INTO `vehiculo_version_ano`(`id_version`, `ano`) VALUES (32,2016);


